11. Let h be g(0). Is d(h) a composite number?
True
Let b = 48 + 131. Is b prime?
True
Let a(f) = f**3 + 557. Is a(0) a prime number?
True
Is (-6)/(9/(-3)) + 295*3 prime?
True
Let i(j) = -3*j**3 - 2*j**2 + 4*j + 2. Is i(-5) a composite number?
False
Let r(z) = 26*z - 7. Is r(4) a composite number?
False
Let x = -10 - -7. Let b = -1 - x. Let r(o) = 17*o**3 + 3*o**2 - 2*o - 1. Is r(b) a prime number?
False
Suppose 0 = -4*m - 51 + 255. Let k = m + 44. Is k a composite number?
True
Let s(r) = r**2 + 7*r + 8. Let i be s(-7). Suppose 0 = 2*c + 2 - i. Suppose -l + 3*y + 155 = 0, c*l + y - 228 = 197. Is l composite?
True
Suppose 3*n - 497 = 4*x, 2*x - 143 = 3*x + 3*n. Is (-5)/(5/x) - 1 prime?
True
Let i be (-12)/8*(-56)/6. Let r = i - 3. Is r a composite number?
False
Is (-154)/(-8) - (-2 + 63/28) prime?
True
Suppose -3*a = -8*a + 10, s - 3*a - 4 = 0. Let p be (8/s)/(2/5). Suppose 3*k - 3*f = 186, -3*f + 139 = -p*k + 4*k. Is k a composite number?
True
Let k(x) = -x**3 + 5*x**2 - 4. Let o be k(5). Let f be o/(-18) + 115/9. Suppose -3*l - 5*u = -121, 3*l + f = u + 122. Is l a composite number?
False
Suppose 5*w + 40 = 5*b, 3*b + 2*w = -3*w - 8. Suppose 0 = -b*s + 2*s + 212. Is (1 + 0)/(2/s) prime?
True
Let n = 543 - 385. Is n a prime number?
False
Is (202/(-8))/((-13 + 5)/544) prime?
False
Suppose 0 = 7*y - 10*y + 1962. Suppose 3*v - 7*v - p + y = 0, -3*v - p = -491. Is v composite?
False
Let c(d) = -d**2 + 4*d + 2. Let m be c(3). Let i = -1 - m. Is (2/i)/(2/(-24)) a prime number?
False
Let n = 1246 + -51. Is n composite?
True
Suppose -226 = 2*h - 3*h. Let k(l) = -80*l + 1. Let a be k(-2). Let b = h - a. Is b a prime number?
False
Suppose 3*w - 2 - 7 = 0. Suppose -2*o + 1 + 1 = -3*k, w*o - 8 = 2*k. Suppose 4*f + k*a = 4*a + 364, 0 = 3*a + 12. Is f a composite number?
False
Let j = 381 - 118. Is j composite?
False
Let s(q) = 4*q**2 - 3*q + 13. Is s(-10) composite?
False
Let o be ((-16)/(-4))/((-1)/(-328)). Is o/14 + 2/7 composite?
True
Let c = -8 + 12. Suppose 2*g - c + 18 = 0. Let f = g - -20. Is f prime?
True
Let n(g) = -g**2 + 3*g + 9. Let j be n(4). Suppose 0*d + 805 = j*d. Is d a prime number?
False
Let p be (35/3)/(1/18). Suppose -l - 13 = 4*y, 2*y + 5 = -l - 0*l. Suppose 5*b + l*h = p, 16 = b - 5*h + 2. Is b a prime number?
False
Let l(r) = 9*r - 10. Let c be l(9). Suppose 4*s - 5 = c. Is s composite?
False
Let l be (1 + 9/(-15))*5. Suppose 158 = l*y - 2*r, -5*y + 269 + 135 = -2*r. Is y a prime number?
False
Let r(s) = 2*s - 7. Let x be r(6). Suppose -x*z + 280 = 2*c + 3*c, 4*z + 5*c = 229. Is z a prime number?
False
Let a(u) = -16*u + 1. Let m = 9 - 13. Is a(m) a prime number?
False
Let k = -1248 + 2177. Is k a composite number?
False
Suppose 4*p + 3 = -1. Let n be (2 - 1) + (0 - p). Suppose n*l = 4*w - 68 - 20, 0 = -2*l. Is w prime?
False
Suppose q - 5*k = -3*q, -5*k = 4*q. Suppose t + 5*r - 33 = -q*t, 156 = 4*t - 4*r. Is t a prime number?
False
Suppose 5*k - 1653 = -178. Is k a prime number?
False
Let h(l) = -l**3 - 9*l**2 + 4*l + 3. Let u be h(-4). Is 16/12*u/(-2) a prime number?
False
Let b(d) = 7*d**3 - 3*d**2 + 2*d + 3. Let u(t) = -6*t**3 + 3*t**2 - 2*t - 4. Let y be (1/1)/((-1)/(-4)). Let j(q) = y*u(q) + 5*b(q). Is j(2) prime?
True
Suppose -9 = -r + 11. Let c = 59 - r. Is c a composite number?
True
Suppose -3*j - 4*y = 2, 4*j - 2*y - 16 = -4. Suppose j*r - 5*m - 30 = 12, 3*m - 105 = -5*r. Is r a prime number?
False
Let n(x) = 2*x + 2533. Is n(0) prime?
False
Suppose -2*g + 10 = 3*g. Suppose -3*j = -g*j - 1. Is (-7)/(-1)*j*1 composite?
False
Let b(o) = 292*o - 3. Is b(8) a prime number?
True
Let a(d) = -16*d + 10. Let r be a(-8). Let l = r - 79. Is l a prime number?
True
Suppose -3*w - 3*d - 3 = 0, -5*w - 2*d - 2 = -0*w. Let i = -6 - w. Is (-2)/(1/(57/i)) prime?
True
Let d be ((-6)/10)/((-4)/(-20)). Let y be 36/(-8)*(-2)/d. Is 2 + 135 - 6/y a prime number?
True
Suppose 11*t - 8*t - 75 = 0. Is t a prime number?
False
Is 1*(-4 + -462)*5/(-2) prime?
False
Suppose -5*a = -10*a + 1535. Is a prime?
True
Let v = -8 - -11. Suppose 4 = -w + v. Is (0 - -163)/((-1)/w) a prime number?
True
Let u(t) = -3*t**2 + 4*t. Let m be 1/(-1) + (7 - 3). Let d be u(m). Let r = d - -40. Is r a prime number?
False
Let t = -46 + 68. Suppose -3*w - 64 = -t. Let g = -8 - w. Is g a composite number?
True
Let q(g) = -g**3 - 12*g + 5*g**2 - 3 + 5*g**2 + 0*g**2. Let m be q(9). Let d = -7 - m. Is d a composite number?
False
Suppose -9*m = -10*m + 335. Is m a prime number?
False
Suppose 2 + 6 = 2*n - 3*u, -n + 3*u + 10 = 0. Let d be (n/2)/(4/(-12)). Suppose -11 = -d*m + 2*m + 2*h, 0 = -5*m - 2*h + 31. Is m a prime number?
True
Suppose -2*s = 3*s - 1580. Suppose 0 = -4*y - 0*y + s. Is y a composite number?
False
Let t = -214 - -1023. Is t prime?
True
Let o = 542 + -266. Suppose r - 931 = -o. Is r composite?
True
Let r(w) = -w**2 - 7*w - 2. Suppose -9 - 9 = 3*b. Let y be r(b). Suppose -5*s = -15, -2*d + 53 = y*s - s. Is d a prime number?
False
Suppose 4*j + 4 - 12 = 0. Let n(b) = b**2 - 2. Is n(j) prime?
True
Let u be 4/(-4 + (1 - -1)). Is 2 + -1 + u + 162 a composite number?
True
Let t(h) = 2*h**2 + 14*h - 9. Suppose x = r - 10, -x + r = -3*r + 10. Is t(x) prime?
False
Let m(t) = t**2 - 14*t + 8. Let k be m(13). Let z(b) = 7*b**2 + 3*b - 2. Let c be z(k). Suppose -3*l - 3*r = 2*r - c, 5*r - 107 = -2*l. Is l composite?
True
Suppose 1 - 11 = -2*i. Is i/((-1 - -3)/62) a prime number?
False
Suppose 2*d + 17 - 395 = 5*v, 2*d + 5*v = 418. Is d prime?
True
Suppose -3*t + 90 = -2*t + 5*w, 3*t + 4*w - 259 = 0. Suppose 0 = 4*s - 47 - t. Is s composite?
True
Let h(o) = -2*o**3 - o - 3. Let p(f) = 3*f**3 + f**2 + 2. Let v(n) = 4*h(n) + 3*p(n). Let x be v(-4). Is 4/x - (-113)/3 composite?
False
Suppose -2*y - y - 51 = -3*n, 26 = -y - 2*n. Is (536/y - 0)*-5 a composite number?
True
Let k(d) = d**2 - 3*d + 2. Let g be k(2). Suppose -3 = -5*f + s + 10, g = -f + 4*s + 14. Is (-33)/(2/f)*-1 prime?
False
Let u be (4/(-7))/((-4)/14). Suppose 5*q - 296 = 2*a, 5*a + 55 = u*q - 76. Is q composite?
True
Let c = 1 - -1. Suppose 0 = -2*w + 2*j + 30, -c*j - 34 - 16 = -4*w. Let a = w + 0. Is a prime?
False
Suppose -3*m + n = -2027, -6*m + 4*m + 3*n = -1342. Is m a prime number?
True
Let f(b) be the first derivative of 8*b**2 - 7*b - 10. Suppose -3*h = -5*a + 24, -8 = 4*a - 3*h - 26. Is f(a) a composite number?
False
Suppose 0 = -7*f - f + 4472. Is f a composite number?
True
Let g(k) = -k**3 - k**2 + 3*k - 5. Let d be g(-4). Let v = d - 9. Is v a prime number?
False
Let h(r) = r**3 + 2*r**2 + 33*r - 13. Is h(11) composite?
True
Suppose -5*h + 12 = -h. Suppose 8*q = h*q + 1285. Is q a composite number?
False
Suppose -2*i + 14 = -3*i - 2*j, 0 = -2*i - j - 13. Let y be (3/i)/(5/(-720)). Suppose 5*u - 2*z - y = 0, u - 2 = 3*z + 17. Is u composite?
True
Is (-5 + 8 + -4)*-541 composite?
False
Is (502/(-4))/(1/(-2)) a prime number?
True
Suppose 10 = 7*q - 2*q, -2*s + 5*q = -1328. Suppose -z + 5*f = -s, -5*f - 1229 + 4634 = 5*z. Is z a composite number?
True
Let u(d) be the third derivative of d**4/24 - d**3/6 + 3*d**2. Let a be u(1). Suppose 61 = 2*c - 3*r - a*r, -c = 2*r - 41. Is c a prime number?
False
Let c = 4 - 2. Suppose -c*g = 10 - 140. Is g a composite number?
True
Suppose -b = 3*f - 197, -72 = -2*f + 4*b + 78. Is f composite?
False
Let p be (-2)/7 + (-3051)/(-21). Suppose -3*h = -8*h - p. Let t = h - -72. Is t prime?
True
Suppose -a - 419 = 961. Is a/(-25) - (-1)/(-5) composite?
True
Suppose -u + 4*u = 5*z + 1, -z = 4*u - 9. Is 157/2 - z/(-2) a prime number?
True
Let o be -3173 + (1 - 4 - 0). Is (-9)/27 + o/(-6) a prime number?
False
Let n(f) = -f**2 + 17*f - 17. Is n(7) a prime number?
True
Suppose 5*y = -173 - 22. Let l = y + 21. Let q = 4 - l. Is q a prime number?
False
Suppose -7*k - 4782 = -13*k. Is k a prime number?
True
Let c(x) = 1835*x - 30. Let h(k) = 1. Let v(u) = c(u) + 30*h(u). Let o be v(1). Suppose 2*l + 3*l - o = 0. Is l a prime number?
True
Let y(s) be the third derivative of -s**5/60 - s**4/6 + 3*s**2. Let k be y(-3). Is (1/k)/(4/1476) a prime number?
False
Let i(o) = -o**2 - 11*o - 6. Let t be i(-10). Suppose 3*g + 20 = 2*u, -u + t*u + 4*g - 30 = 0. Is (1 - 0/1) + u a composite number?
False
Let f(b) = -9*b**3 + b**2. Let u be f(-1). Suppose -10 = -3*y + 2*d, 0 = 2*y - d - 2*d - 